{"id":14161,"date":"2020-11-11T08:23:22","date_gmt":"2020-11-11T07:23:22","guid":{"rendered":"http:\/\/smaria.salou.arqtgn.cat\/?page_id=14161"},"modified":"2020-11-11T10:29:36","modified_gmt":"2020-11-11T09:29:36","slug":"3-buscar-el-dialogo-constructivo-con-los-otros-usando-palabras-que-cuenten-lo-que-vivimos","status":"publish","type":"page","link":"https:\/\/smaria.salou.arqtgn.cat\/es\/lesperit-fa-jove-a-lesglesia\/3-buscar-el-dialogo-constructivo-con-los-otros-usando-palabras-que-cuenten-lo-que-vivimos\/","title":{"rendered":"3. Buscar el \u00abdi\u00e1logo\u00bb constructivo con los otros, usando palabras que cuenten lo que vivimos"},"content":{"rendered":"<p><a href=\"http:\/\/smaria.salou.arqtgn.cat\/wp-content\/uploads\/sites\/10\/2020\/10\/logo_esp_jov_esg_b.jpg\"><img loading=\"lazy\" decoding=\"async\" class=\"aligncenter size-full wp-image-14041\" src=\"http:\/\/smaria.salou.arqtgn.cat\/wp-content\/uploads\/sites\/10\/2020\/10\/logo_esp_jov_esg_b.jpg\" alt=\"\" width=\"800\" height=\"137\" srcset=\"https:\/\/smaria.salou.arqtgn.cat\/wp-content\/uploads\/sites\/10\/2020\/10\/logo_esp_jov_esg_b.jpg 800w, https:\/\/smaria.salou.arqtgn.cat\/wp-content\/uploads\/sites\/10\/2020\/10\/logo_esp_jov_esg_b-300x51.jpg 300w, https:\/\/smaria.salou.arqtgn.cat\/wp-content\/uploads\/sites\/10\/2020\/10\/logo_esp_jov_esg_b-768x132.jpg 768w, https:\/\/smaria.salou.arqtgn.cat\/wp-content\/uploads\/sites\/10\/2020\/10\/logo_esp_jov_esg_b-560x96.jpg 560w\" sizes=\"auto, (max-width: 800px) 100vw, 800px\" \/><\/a><\/p>\n<p style=\"text-align: justify\">\u00abLa evangelizaci\u00f3n no es un mero proceso mec\u00e1nico de dar y recibir: <span style=\"color: #0000ff\">la evangelizaci\u00f3n brota all\u00ed donde se establece el encuentro entre personas<\/span>, con una relaci\u00f3n positiva y con una comunicaci\u00f3n interpersonal. &#8216;Cuando hay caridad y amor&#8217; se abre la puerta a la buena noticia que viene de Dios\u201d.<\/p>\n<p style=\"text-align: justify\"><span style=\"color: #0000ff\">&#8230; Evangelizar es descubrir en el coraz\u00f3n de cada mujer y de cada hombre la acci\u00f3n y el calor del Esp\u00edritu<\/span>; es establecer las mediaciones oportunas para que las personas sencillas, y tal vez afligidas, puedan encontrarse con Dios \u00ab.<\/p>\n<p style=\"text-align: justify\"><span style=\"color: #0000ff\">&#8230; [Hay un] profundo respeto para con todos aquellos que no comparten nuestras convicciones\u00bb<\/span>(CPT 1) &#8230; La \u00abpreparaci\u00f3n para el Evangelio\u00bb procura buscar siempre un terreno com\u00fan entre el hombre de hoy y la su cultura por un lado y la fe cristiana de la otra. <span style=\"color: #0000ff\">Es el di\u00e1logo entendido en su dimensi\u00f3n positiva.<\/span><\/p>\n<p style=\"text-align: justify\"><span style=\"color: #0000ff\">[Ahora bien]<\/span>, a partir de la b\u00fasqueda de un terreno com\u00fan para el di\u00e1logo, <span style=\"color: #0000ff\">no se distorsiona ni se disimula en ning\u00fan momento la novedad cristiana.<\/span> [A pesar de los aparentes fracasos], la Palabra evang\u00e9lica dar\u00e1 su fruto en unos cuantos, pero no volver\u00e1 \u00abinfecunda\u00bb.<\/p>\n<p style=\"text-align: justify\"><span style=\"color: #0000ff\">&#8230; \u00abEl di\u00e1logo no nace de una t\u00e1ctica o de un inter\u00e9s, sino que es una actividad con motivaciones, exigencias y dignidad propias<\/span>: es exigido por el respeto profundo hacia todo lo que en el hombre ha obrado el Esp\u00edritu\u00bb .<\/p>\n<p style=\"text-align: justify\">Ante las formulaciones abstractas e intemporales, <span style=\"color: #0000ff\">hay que volver a un lenguaje narrativo propio de los evangelios<\/span>, que muestre y env\u00ede la experiencia de Dios. [&#8230;] Jes\u00fas mismo hablaba de Dios no con discursos abstractos, sino con par\u00e1bolas, narraciones breves, sacadas de la vida cotidiana.<\/p>\n<p style=\"text-align: justify\">Se trata de encontrar uno <span style=\"color: #0000ff\">lenguaje significativo que implique una acogida positiva y, a la vez, un acompa\u00f1amiento.<\/span><\/p>\n<p style=\"text-align: justify\"><span style=\"color: #0000ff\">\u00abNo se comienza a ser cristiano por una decisi\u00f3n \u00e9tica o una gran idea, sino por el encuentro con un acontecimiento, con una Persona, que da un nuevo horizonte a la vida y, con ello, una orientaci\u00f3n decisiva\u00bb<\/span> (Deus caritas est , n. 1).<\/p>\n<p style=\"text-align: justify\">\u00abEn la ra\u00edz de toda evangelizaci\u00f3n no se encuentra un proyecto humano de expansi\u00f3n, sino el <span style=\"color: #0000ff\">deseo de compartir el don inestimable que Dios ha querido darnos,<\/span> haci\u00e9ndonos participantes de la propia vida\u00bb.<\/p>\n<p style=\"text-align: justify\"><span style=\"color: #0000ff\">Hay un lenguaje inteligible y adecuado al interlocutor concreto<\/span>, que debe corresponderse con <span style=\"color: #0000ff\">un pensamiento, una escucha y una contemplaci\u00f3n<\/span> que inviten a leer la propia vida a la luz del Evangelio.<\/p>\n<p style=\"text-align: justify\">La inteligencia cristiana har\u00e1 saber descubrir que el <span style=\"color: #0000ff\">mensaje cristiano<\/span> no se reduce a una simple deducci\u00f3n intelectual, sino <span style=\"color: #0000ff\">que se traduce en una vida, en un testimonio, en una forma concreta de vivir y actuar en el mundo.<\/span><\/p>\n<p>Clica <a href=\"https:\/\/forms.gle\/KNryoyB13iEx36w39\" target=\"_blank\" rel=\"noopener noreferrer\"><strong>aqu\u00ed<\/strong> <\/a>para responder el cuestionario.<\/p>\n","protected":false},"excerpt":{"rendered":"<p>\u00abLa evangelizaci\u00f3n no es un mero proceso mec\u00e1nico de dar y recibir: la evangelizaci\u00f3n brota all\u00ed donde se establece el encuentro entre personas, con una relaci\u00f3n positiva y con una comunicaci\u00f3n interpersonal. &#8216;Cuando hay caridad y amor&#8217; se abre la puerta a la buena noticia que viene de Dios\u201d. &#8230; Evangelizar es descubrir en el &hellip; <\/p>\n<p><a class=\"more-link btn\" href=\"https:\/\/smaria.salou.arqtgn.cat\/es\/lesperit-fa-jove-a-lesglesia\/3-buscar-el-dialogo-constructivo-con-los-otros-usando-palabras-que-cuenten-lo-que-vivimos\/\">Seguir leyendo<\/a><\/p>\n","protected":false},"author":11,"featured_media":0,"parent":14062,"menu_order":3,"comment_status":"closed","ping_status":"closed","template":"","meta":{"footnotes":""},"class_list":["post-14161","page","type-page","status-publish","hentry","nodate","item-wrap"],"amp_enabled":true,"_links":{"self":[{"href":"https:\/\/smaria.salou.arqtgn.cat\/es\/wp-json\/wp\/v2\/pages\/14161","targetHints":{"allow":["GET"]}}],"collection":[{"href":"https:\/\/smaria.salou.arqtgn.cat\/es\/wp-json\/wp\/v2\/pages"}],"about":[{"href":"https:\/\/smaria.salou.arqtgn.cat\/es\/wp-json\/wp\/v2\/types\/page"}],"author":[{"embeddable":true,"href":"https:\/\/smaria.salou.arqtgn.cat\/es\/wp-json\/wp\/v2\/users\/11"}],"replies":[{"embeddable":true,"href":"https:\/\/smaria.salou.arqtgn.cat\/es\/wp-json\/wp\/v2\/comments?post=14161"}],"version-history":[{"count":5,"href":"https:\/\/smaria.salou.arqtgn.cat\/es\/wp-json\/wp\/v2\/pages\/14161\/revisions"}],"predecessor-version":[{"id":14177,"href":"https:\/\/smaria.salou.arqtgn.cat\/es\/wp-json\/wp\/v2\/pages\/14161\/revisions\/14177"}],"up":[{"embeddable":true,"href":"https:\/\/smaria.salou.arqtgn.cat\/es\/wp-json\/wp\/v2\/pages\/14062"}],"wp:attachment":[{"href":"https:\/\/smaria.salou.arqtgn.cat\/es\/wp-json\/wp\/v2\/media?parent=14161"}],"curies":[{"name":"wp","href":"https:\/\/api.w.org\/{rel}","templated":true}]}}

3. Buscar el «diálogo» constructivo con los otros, usando palabras que cuenten lo que vivimos

<p><a href="http://smaria.salou.arqtgn.cat/wp-content/uploads/sites/10/2020/10/logo_esp_jov_esg_b.jpg"><img loading="lazy" decoding="async" class="aligncenter size-full wp-image-14041" src="http://smaria.salou.arqtgn.cat/wp-content/uploads/sites/10/2020/10/logo_esp_jov_esg_b.jpg" alt="" width="800" height="137" srcset="https://smaria.salou.arqtgn.cat/wp-content/uploads/sites/10/2020/10/logo_esp_jov_esg_b.jpg 800w, https://smaria.salou.arqtgn.cat/wp-content/uploads/sites/10/2020/10/logo_esp_jov_esg_b-300x51.jpg 300w, https://smaria.salou.arqtgn.cat/wp-content/uploads/sites/10/2020/10/logo_esp_jov_esg_b-768x132.jpg 768w, https://smaria.salou.arqtgn.cat/wp-content/uploads/sites/10/2020/10/logo_esp_jov_esg_b-560x96.jpg 560w" sizes="auto, (max-width: 800px) 100vw, 800px" /></a></p>
<p style="text-align: justify">«La evangelización no es un mero proceso mecánico de dar y recibir: <span style="color: #0000ff">la evangelización brota allí donde se establece el encuentro entre personas</span>, con una relación positiva y con una comunicación interpersonal. &#8216;Cuando hay caridad y amor&#8217; se abre la puerta a la buena noticia que viene de Dios”.</p>
<p style="text-align: justify"><span style="color: #0000ff">&#8230; Evangelizar es descubrir en el corazón de cada mujer y de cada hombre la acción y el calor del Espíritu</span>; es establecer las mediaciones oportunas para que las personas sencillas, y tal vez afligidas, puedan encontrarse con Dios «.</p>
<p style="text-align: justify"><span style="color: #0000ff">&#8230; [Hay un] profundo respeto para con todos aquellos que no comparten nuestras convicciones»</span>(CPT 1) &#8230; La «preparación para el Evangelio» procura buscar siempre un terreno común entre el hombre de hoy y la su cultura por un lado y la fe cristiana de la otra. <span style="color: #0000ff">Es el diálogo entendido en su dimensión positiva.</span></p>
<p style="text-align: justify"><span style="color: #0000ff">[Ahora bien]</span>, a partir de la búsqueda de un terreno común para el diálogo, <span style="color: #0000ff">no se distorsiona ni se disimula en ningún momento la novedad cristiana.</span> [A pesar de los aparentes fracasos], la Palabra evangélica dará su fruto en unos cuantos, pero no volverá «infecunda».</p>
<p style="text-align: justify"><span style="color: #0000ff">&#8230; «El diálogo no nace de una táctica o de un interés, sino que es una actividad con motivaciones, exigencias y dignidad propias</span>: es exigido por el respeto profundo hacia todo lo que en el hombre ha obrado el Espíritu» .</p>
<p style="text-align: justify">Ante las formulaciones abstractas e intemporales, <span style="color: #0000ff">hay que volver a un lenguaje narrativo propio de los evangelios</span>, que muestre y envíe la experiencia de Dios. [&#8230;] Jesús mismo hablaba de Dios no con discursos abstractos, sino con parábolas, narraciones breves, sacadas de la vida cotidiana.</p>
<p style="text-align: justify">Se trata de encontrar uno <span style="color: #0000ff">lenguaje significativo que implique una acogida positiva y, a la vez, un acompañamiento.</span></p>
<p style="text-align: justify"><span style="color: #0000ff">«No se comienza a ser cristiano por una decisión ética o una gran idea, sino por el encuentro con un acontecimiento, con una Persona, que da un nuevo horizonte a la vida y, con ello, una orientación decisiva»</span> (Deus caritas est , n. 1).</p>
<p style="text-align: justify">«En la raíz de toda evangelización no se encuentra un proyecto humano de expansión, sino el <span style="color: #0000ff">deseo de compartir el don inestimable que Dios ha querido darnos,</span> haciéndonos participantes de la propia vida».</p>
<p style="text-align: justify"><span style="color: #0000ff">Hay un lenguaje inteligible y adecuado al interlocutor concreto</span>, que debe corresponderse con <span style="color: #0000ff">un pensamiento, una escucha y una contemplación</span> que inviten a leer la propia vida a la luz del Evangelio.</p>
<p style="text-align: justify">La inteligencia cristiana hará saber descubrir que el <span style="color: #0000ff">mensaje cristiano</span> no se reduce a una simple deducción intelectual, sino <span style="color: #0000ff">que se traduce en una vida, en un testimonio, en una forma concreta de vivir y actuar en el mundo.</span></p>
<p>Clica <a href="https://forms.gle/KNryoyB13iEx36w39" target="_blank" rel="noopener noreferrer"><strong>aquí</strong> </a>para responder el cuestionario.</p>

<p>«La evangelización no es un mero proceso mecánico de dar y recibir: la evangelización brota allí donde se establece el encuentro entre personas, con una relación positiva y con una comunicación interpersonal. &#8216;Cuando hay caridad y amor&#8217; se abre la puerta a la buena noticia que viene de Dios”. &#8230; Evangelizar es descubrir en el &hellip; </p>
<p><a class="more-link btn" href="https://smaria.salou.arqtgn.cat/es/lesperit-fa-jove-a-lesglesia/3-buscar-el-dialogo-constructivo-con-los-otros-usando-palabras-que-cuenten-lo-que-vivimos/">Seguir leyendo</a></p>
